c78
In base 15, what is -d3269 - 94?
-d330d
In base 3, what is -1202100210011112 - 11?
-1202100210011200
In base 13, what is -6713b9 - -3?
-6713b6
In base 9, what is 138 + 6572?
6721
In base 13, what is 7661a6c + 0?
7661a6c
In base 10, what is 1291 - -626087?
627378
In base 13, what is 5 - 24b0637?
-24b0632
In base 6, what is 54124521 - -5?
54124530
In base 14, what is 2493541 + 4?
2493545
In base 3, what is -2 + -2010222122221020?
-2010222122221022
In base 8, what is 116341732 - 12?
116341720
In base 5, what is -324010433 + 11?
-324010422
In base 15, what is -d8511c + -3?
-d85120
In base 5, what is -21104 - -2340430?
2314321
In base 12, what is 3 - 239b1a3?
-239b1a0
In base 5, what is 10010 - 213204402?
-213144342
In base 9, what is 25 + -20414?
-20378
In base 8, what is -170 - -130516?
130326
In base 9, what is -178108 - 128?
-178237
In base 7, what is 4 - 32600240?
-32600233
In base 13, what is -48b - 10898?
-11056
In base 4, what is -2113030102232 - 3?
-2113030102301
In base 9, what is -1343666 - -270?
-1343386
In base 11, what is 1 - a15a916?
-a15a915
In base 9, what is 7728834 + 0?
7728834
In base 10, what is 8 - 631056?
-631048
In base 11, what is -8 + 117a648?
117a640
In base 12, what is -6908a9 + 4?
-6908a5
In base 9, what is -112243 - 1054?
-113307
In base 13, what is 650 - 374?
2a9
In base 16, what is -2 + aff777f?
aff777d
In base 6, what is -14004 + -313350?
-331354
In base 6, what is -200 - -1535434?
1535234
In base 16, what is -3 - -8e523b?
8e5238
In base 2, what is 11000101 + -10111001001000?
-10110110000011
In base 2, what is -11010000100111010 - 110101001?
-11010001011100011
In base 9, what is 0 + -46473400?
-46473400
In base 12, what is -2 + 2446493b?
24464939
In base 2, what is 1000101010110101110 - -11000010101?
1000101101111000011
In base 7, what is -24662 - 2061?
-30053
In base 4, what is -2220121332 + -100123?
-2220222121
In base 13, what is 9a55 - -1727?
b47c
In base 10, what is -3958 - -13793?
9835
In base 10, what is -5 + -220515490?
-220515495
In base 14, what is -25c56 + -268?
-260c0
In base 14, what is 79 + ca25?
caa0
In base 15, what is 54bca + d?
54bd8
In base 9, what is 1817 - 467375?
-465457
In base 13, what is -8caba4 + 1?
-8caba3
In base 2, what is 11010011100010111 + -110000?
11010011011100111
In base 9, what is 12 + -67872852?
-67872840
In base 5, what is -2 - -4231124?
4231122
In base 12, what is 13146ab9 - 3?
13146ab6
In base 3, what is -12 + 1020211120002?
1020211112220
In base 8, what is -15246 - -7340?
-5706
In base 3, what is -12210221121 + 21020?
-12210200101
In base 11, what is 5a + -144163?
-144104
In base 9, what is 21372 - -1520?
23002
In base 13, what is 5b + -59b?
-540
In base 15, what is 25d + -16bb?
-145d
In base 13, what is 244332 - -6?
244338
In base 6, what is -2 + 51421324?
51421322
In base 10, what is 0 + -253380800?
-253380800
In base 3, what is -2001 - -102122100020?
102122021012
In base 14, what is -108a + -bd1?
-1c7b
In base 14, what is -3dc963 - -b?
-3dc956
In base 3, what is 12220002012210222 + 11?
12220002012211010
In base 11, what is 6766023 - 7?
6766017
In base 16, what is 42db3 + 17?
42dca
In base 11, what is 26 - 438488?
-438462
In base 3, what is -2022201221000 + -2111?
-2022202000111
In base 10, what is 318328 + 1389?
319717
In base 14, what is -3c - 6412?
-6450
In base 11, what is -3 + -8250418?
-8250420
In base 2, what is -1101001010000 + -11011110?
-1101100101110
In base 4, what is -122030 - -11231003?
11102313
In base 8, what is 16735115172 + -3?
16735115167
In base 2, what is 10100111100010011 - -101100?
10100111100111111
In base 5, what is 114 - 1103302122?
-1103302003
In base 5, what is -44140 + -1201421?
-1301111
In base 5, what is 402 + 31213220?
31214122
In base 5, what is -2 + 10330003020?
10330003013
In base 16, what is -35184b9 - -2?
-35184b7
In base 2, what is 10000111101010010100100 - 11100?
10000111101010010001000
In base 11, what is -52 - -1a488?
1a436
In base 5, what is 1003 + 12202410?
12203413
In base 10, what is -2611 - -235577?
232966
In base 15, what is -a2 - -27975?
278c3
In base 10, what is -5 - 12953747?
-12953752
In base 14, what is -4adc9 - 844?
-4b82d
In base 15, what is 16b2b - -442?
1706d
In base 6, what is -41111 - 111541?
-153052
In base 12, what is -486214 + 18?
-4861b8
In base 7, what is -3 + 55162006?
55162003
In base 16, what is 632cb96 - 8?
632cb8e
In base 4, what is -320231 - 3211?
-330102
In base 6, what is 5 - 14115120112?
-14115120103
In base 11, what is -49916 - 151?
-49a67
In base 8, what is 57 - -36642556?
36642635
In base 16, what is a - c9c50?
-c9c46
In base 9, what is -16 - 16676530?
-16676546
In base 10, what is -232493 - -3200?
-229293
In base 4, what is 213 - 22122022033?
-22122021220
In base 4, what is -23010223 - -212?
-23010011
In base 4, what is 2330330323101 + 3?
2330330323110
In base 11, what is 7786 + -21766?
-14a90
In base 10, what is -2903961 - -2?
-2903959
In base 7, what is 11 + -534126421?
-534126410
In base 7, what is 215434 + -23631?
161503
In base 9, what is 50702 + 2532?
53334
In base 13, what is -c92086 - -16?
-c92070
In base 11, what is 67 + 137552?
137609
In base 15, what is -5 + -18c864?
-18c869
In base 6, what is -20 - 222450214?
-222450234
In base 2, what is 11111010100000010111101010 + -101?
11111010100000010111100101
In base 16, what is -1f - -23e89?
23e6a
In base 14, what is -49a774 - -27?
-49a74b
In base 9, what is 30 - 1410133?
-1410103
In base 10, what is -7 + -61364?
-61371
In base 10, what is -112 + -3589498?
-3589610
In base 13, what is abb5 - -724?
b609
In base 6, what is 40414122235 - 0?
40414122235
In base 11, what is -97 + 97a311?
97a225
In base 6, what is -251255244 + 4?
-251255240
In base 6, what is -4031213424 + 0?
-4031213424
In base 2, what is 101 + -11001101001000010101110?
-11001101001000010101001
In base 14, what is -1 + -2cc86?
-2cc87
In base 10, what is -76861 + -1481?
-78342
In base 2, what is 11011001100101000100011 - -10110?
11011001100101000111001
In base 11, what is 381005 + -69?
380a47
In base 8, what is 30703455 - -1?
30703456
In base 9, what is -8 + 3858566?
3858557
In base 7, what is -2204 + -321262?
-323466
In base 14, what is dc + -6492?
-6394
In base 8, what is -33434 - 12574?
-46230
In base 2, what is 101101001000000100100 + 110?
101101001000000101010
In base 16, what is -3 - d015cd1?
-d015cd4
In base 7, what is -16 + 4226531?
4226512
In base 8, what is -35334661 - 30?
-35334711
In base 7, what is 30541 - -304250?
335121
In base 6, what is 1054140 - -423?
1055003
In base 6, what is 5 + 114113201?
114113210
In base 11, what is -10425381 - 0?
-10425381
In base 9, what is -8 - 124042068?
-124042077
In base 12, what is 70 + 168593?
168643
In base 11, what is 3794a7 - 307?
3791a0
In base 8, what is 13764 - -1142?
15126
In base 15, what is 2374 + -10b?
2268
In base 10, what is 16631369 - -9?
16631378
In base 10, what is 2597045 + 16?
2597061
In base 11, what is 201 - 863a43?
-863842
In base 8, what is -62206 + 3046?
-57140
In base 7, what is -326106333 + 3?
-326106330
In base 16, what is -4 - -9a245d?
9a2459
In base 2, what is 11100111101111100100 - -11?
11100111101111100111
In base 7, what is -134665324 - -2?
-134665322
In base 6, what is 51 - 21002443?
-21002352
In base 4, what is -133112 + 21030132?
20231020
In base 7, what is 3 - -304524521?
304524524
In base 7, what is 4 + -1215541?
-1215534
In base 8, what is 272127 - -754?
273103
In base 3, what is 1212112101001011 + -1?
1212112101001010
In base 10, what is -16877100 + 2?
-16877098
In base 9, what is 35038 - 2263?
32665
In base 4, what is 1 - 213011032?
-213011031
In base 15, what is -85d8 + -37e2?
-bdca
In base 10, what is 105703898 - -2?
105703900
In base 12, what is a4678198 - -2?
a467819a
In base 11, what is 30957 - 124?
30833
In base 8, what is 16 + -341545?
-341527
In base 12, what is 1 - a49440?
-a4943b
In base 8, what is -62157 - -504?
-61453
In base 5, what is -11111020321 - 214?
-11111021040
In base 4, what is 0 + 10330232132?
10330232132
In base 4, what is 1023 + -10203002331?
-10203001302
In base 13, what is 19121 + -1ca?
18c24
In base 4, what is 223022 - -11110?
300132
In base 16, what is -8 - 2875950?
-2875958
In base 11, what is 105a76 - -19?
105a94
In base 2, what is 10 - 101011011110001011001000